 o(-4)?
2, 3
Suppose 0*c = 4*b + 2*c - 16, -4*b + c + 10 = 0. Suppose -20 = -b*n - n. List the prime factors of n.
5
Suppose -v - 15 = 5*l, -15 = 6*l - l - 2*v. Let t = 1 + l. Let f(p) = -p**3 + p**2 + 3*p + 3. List the prime factors of f(t).
3
Let f be (-64)/10 + 4/10. What are the prime factors of (12/8)/(f/(-8))?
2
Suppose -18 = -3*v - 5*g + 191, 4*g + 268 = 4*v. What are the prime factors of v/5 - 2/(-5)?
2, 7
Let s(k) = 3*k**2 + 2*k. Let r be s(-2). Let i = -5 + r. Suppose -q = i*q - 36. List the prime factors of q.
3
Suppose 0 = -4*t - 5*f - 29, -2*t - f = -t + 7. Let r(l) = 6*l + 8. Let a be r(t). What are the prime factors of (a/6)/(8/(-12))?
7
Suppose -2*s - 9 - 5 = 0. Let c = 4 - s. List the prime factors of c.
11
Suppose -k + 5*k + 32 = 2*q, 0 = q + 5*k - 37. What are the prime factors of q?
2, 11
Suppose -g + 414 = 2*z, 0 = 5*z - 0*g - 5*g - 1020. List the prime factors of z.
2, 103
Let h(y) = 0*y**2 + y**2 - 3 + 2 - 4. List the prime factors of h(-6).
31
Let s be 12/30 + (-4)/10. Suppose s*m + 10 = -5*m. List the prime factors of 2 - (m - -2 - 4).
2, 3
Let c = 9 - -94. List the prime factors of c.
103
Let p(c) = -10*c - 7. What are the prime factors of p(-2)?
13
Suppose 0 = -q - 11 + 13. Suppose -5*b + q = -m - 2, 3*m - 43 = 4*b. List the prime factors of m.
3, 7
List the prime factors of 4*(-2*(-1)/4 - -93).
2, 11, 17
What are the prime factors of 16/32*(1 + 129)?
5, 13
Let c(p) = -2*p + 1. Let x be c(-5). Suppose -1 = 5*v - x. Suppose v*q = 3*q + 4, b = 2*q + 11. What are the prime factors of b?
3
Suppose -3 = 5*y - 2*y. Let z(i) = i - 4. Let n be z(6). What are the prime factors of 4/(0 + n) - y?
3
Let y be 3*((-6)/9 + 0). What are the prime factors of 2/(y - (-8)/3)?
3
Let l = 3 - 0. Suppose 0 = -k - 4*x + 17, l*x = x. What are the prime factors of k?
17
Suppose -5*z + 33 = -2*c, 5*z + c = -c + 17. Suppose -z*u + 25 = 5. What are the prime factors of u?
2
Let d = -5 + 7. Suppose d*b - 66 + 2 = 0. Suppose -p = p - b. What are the prime factors of p?
2
Let v(u) = 17*u + 40. What are the prime factors of v(12)?
2, 61
Let b = -3 + 6. Suppose b*t = -t + 8. Suppose 23 = 3*h + t*h + 3*d, -2*h = -d - 7. List the prime factors of h.
2
Let x(s) = -s**2 + 6*s + 9. Let c be x(7). Suppose 0 = 2*q + 4*y + 24, -y - 5 - c = q. What are the prime factors of q/(7/(-5) + 1)?
5
Suppose 5*w - 11 = 39. List the prime factors of w.
2, 5
Let l(i) = i + 1. Let w be l(6). Let z = w - 1. List the prime factors of z.
2, 3
Let k = -9 + 5. Let t = 7 + k. What are the prime factors of t?
3
Let a = -11 + 19. Let v(x) = -x**3 - 5 - 2*x + 2*x + 9*x**2 - 7*x. List the prime factors of v(a).
3
Let n(z) = -z**2 - 14*z + 7. What are the prime factors of n(-11)?
2, 5
Suppose 2*x = -0*x. Let o = 9 + -5. Let h = x + o. List the prime factors of h.
2
Suppose -2*s + 4*l = -106, -3*s = -5*l - 141 - 13. What are the prime factors of s?
43
Let m be (0 - -3)/((-4)/(-24)). Let c be 50/18 - (-4)/m. Let y = c - -7. What are the prime factors of y?
2, 5
What are the prime factors of 6*(34/7)/((-3)/(-7))?
2, 17
Let x = -2 + 72. What are the prime factors of x?
2, 5, 7
Let r(v) = -v**3 + 14*v**2 - 8. What are the prime factors of r(13)?
7, 23
Suppose -5*c - 2*r - 5 = -2, 5*c = 3*r + 17. Let u(h) be the first derivative of 5*h**4/2 - 2*h**3/3 + h - 4. List the prime factors of u(c).
3
Let d(i) be the first derivative of i**4/12 - 2*i**3/3 - 3*i - 2. Let r(p) be the first derivative of d(p). List the prime factors of r(5).
5
Let c(b) = -b**2 - 8*b - 3. List the prime factors of c(-6).
3
Let l = -1 + 5. Let c(v) = v**3 - 4*v**2 - 2*v + 2. Let z be c(l). Let j = z + 18. List the prime factors of j.
2, 3
Let i(f) = 3*f**2 + 5*f + 78. List the prime factors of i(-7).
2, 5, 19
Suppose 106 = -7*a + 9*a. List the prime factors of a.
53
Let a be 1 - (-2 + (-1 - 17)). Suppose i - 5 - a = 0. Let z = i - 8. What are the prime factors of z?
2, 3
Suppose 3*c - 114 = 2*c + s, -2*c - 4*s = -240. What are the prime factors of c?
2, 29
List the prime factors of (-8)/(-20) + 26/10.
3
List the prime factors of -3 - (5 + (-264)/2).
2, 31
Let w(p) = -109*p**3 - 2*p**2 - 2*p - 1. Let x be w(-1). Suppose x = 4*n - 0*n. List the prime factors of n.
3
Suppose -2*t = -2*b + 136, -4*b + 0*t + 2*t + 272 = 0. List the prime factors of b.
2, 17
Let g = -108 - -270. List the prime factors of g.
2, 3
Suppose 4*p = 5*a - 2*a + 73, -2*p + 3*a = -35. What are the prime factors of p?
19
Let t be 0/2 - (-2 - -24). Let l = t + -9. Let u = l - -43. What are the prime factors of u?
2, 3
Let w = 119 + 15. What are the prime factors of w?
2, 67
Suppose 0 = 6*v - 2*v - b - 12, 0 = 5*v - 5*b. Suppose -g + v*g + 11 = -4*l, -4*l - 8 = 4*g. List the prime factors of g.
3
Suppose 3*r + 12 + 6 = 0. Let y(d) = -3*d**2 + 3*d + 4. Let g(m) = -4*m**2 + 2*m + 3. Let f(v) = -4*g(v) + 5*y(v). List the prime factors of f(r).
2
Let a(h) = h**2 - 17*h - 16. What are the prime factors of a(22)?
2, 47
Suppose -4*u = -562 - 286. List the prime factors of u.
2, 53
Let p be 2*((-14)/(-4) - 2). Suppose -p*w = i + 2*i - 33, w = 0. Suppose b - i - 4 = 0. List the prime factors of b.
3, 5
Let b(s) = -7*s**2 - 6*s + 9. Let j(y) = -6*y**2 - 6*y + 8. Let n = 16 + -11. Let c(t) = n*b(t) - 6*j(t). What are the prime factors of c(-7)?
2
List the prime factors of (4 + -6)*-18 + -1.
5, 7
Let i(c) be the second derivative of c**4/12 + c**3/3 - 5*c**2 + c. What are the prime factors of i(-7)?
5
Let t = 33 + -2. List the prime factors of t.
31
Let r(p) = p**3 - 3*p**2 + p + 2. Let z be r(2). Let i be 2 - z/2 - -67. Let x = i - 46. What are the prime factors of x?
23
Let f = 62 - -56. What are the prime factors of f?
2, 59
Suppose 5*y = 4*o + 10 - 5, o = 2*y - 2. Suppose -3 = 2*v - y. Let d = v + 5. What are the prime factors of d?
2
Let a(c) = 3*c + 2. Let x(f) = -6 + 0 - 15*f + 5*f. Let j(w) = 7*a(w) + 2*x(w). What are the prime factors of j(2)?
2
Suppose 0 = -3*w + f - 108 + 10, w - 2*f + 31 = 0. Let b = -23 - w. List the prime factors of b.
2, 5
Let t be 0/(4/(-6)*3). Suppose -2*s - 2*s + 28 = t. List the prime factors of s.
7
Suppose -2*f - 26 = s - 7*f, 0 = 2*s + f + 8. Let o(p) = -2*p - 2. List the prime factors of o(s).
2, 5
Let p be (2/5)/((-1)/(-70)). Suppose p = 4*x - 0*x. What are the prime factors of x?
7
Let r(v) = -6*v**2 + 2*v**2 + v**2 + 2*v**2 - v**3 + 39 + v. List the prime factors of r(0).
3, 13
Suppose -2*c - a - 3 = 0, 3*a - 12 = -2*c - a. Let z(o) = o**3 + 6*o**2 + 7*o + 1. Let x be z(-5). Let h = c - x. What are the prime factors of h?
5
Let v = -3 + -2. What are the prime factors of 0 - v - 4/(-4)?
2, 3
Let y = 4 - 5. Let t be -21 + (0 + y)*2. Let h = -10 - t. What are the prime factors of h?
13
Let a(o) = -o**2 - 10*o - 5. Suppose 0 = -2*q - 2*k - 4, 6*q = 2*q - k + 4. Let g be (-12)/q + -4 + 2. List the prime factors of a(g).
11
Suppose -6*g + 4*g + 14 = 0. What are the prime factors of g?
7
Suppose 0 = -4*y - 5*i + 59, y - 8 = -3*i + 5. List the prime factors of y.
2
Suppose 3*k = -3, 5*g - 4*k - 363 = 101. What are the prime factors of g?
2, 23
Let k(l) = -2*l - 1. Let d be (-84)/15 + 2/(-5). Let i be (4/(-2))/(-2)*d. List the prime factors of k(i).
11
Let u = 4 + 11. What are the prime factors of (-144)/(-10) - 6/u?
2, 7
Suppose 0 = -j - 4*j + 20. List the prime factors of j/(-10) + (-194)/(-10).
19
Let v be -3*(-1)/(-2)*-2. Suppose -v*j + 53 = 2. List the prime factors of j.
17
Suppose u + 3*u - 72 = 0. List the prime factors of u.
2, 3
Let j = 4 - 1. Let t(g) = g**3 - j*g**2 - 5*g + 7 - 2*g**2 + g**2. What are the prime factors of t(5)?
7
Suppose -104 = -5*w + 11. Let b = w + -19. What are the prime factors of b?
2
Let b be (10/(-6))/(3/(-45)). Let a = 23 + -40. Let v = b + a. What are the prime factors of v?
2
Let w(y) = -1 - 3*y - y - 2*y + 0*y. List the prime factors of w(-1).
5
Let x(j) = j**2 + 17*j + 17. What are the prime factors of x(-17)?
17
Let i be 3/9 - (-58)/6. Let n = 5 + i. List the prime factors of n.
3, 5
Let s(d) = -d**3 + 9*d**2 - 8*d - 6. Let g be s(8). Let n = g + 8. Suppose t + 1 = -2*y - 0*y, 4*y = n*t - 22. List the prime factors of t.
5
Let v(t) = -t + 41. What are the prime factors of v(0)?
41
Let n(y) = 7*y - 8. Let u be n(-9). Let j = -45 - u. List the prime factors of j.
2, 13
Let j = -16 - -24